{"id":10119,"date":"2025-12-20T20:51:25","date_gmt":"2025-12-20T20:51:25","guid":{"rendered":"https:\/\/bahrinnargile.com\/?post_type=product&#038;p=10119"},"modified":"2026-03-04T10:11:12","modified_gmt":"2026-03-04T10:11:12","slug":"rus-sise-fume","status":"publish","type":"product","link":"https:\/\/bahrinnargile.com\/index.php\/urun\/rus-sise-fume\/","title":{"rendered":"Rus \u015ei\u015fe F\u00fcme"},"content":{"rendered":"","protected":false},"excerpt":{"rendered":"","protected":false},"featured_media":10120,"template":"","meta":[],"product_brand":[],"product_cat":[104,190,191],"product_tag":[],"class_list":{"0":"post-10119","1":"product","2":"type-product","3":"status-publish","4":"has-post-thumbnail","6":"product_cat-nargile-siseleri","7":"product_cat-nargile-siseleri-nargile-siseleri","8":"product_cat-rus-siseleri","10":"first","11":"instock","12":"taxable","13":"shipping-taxable","14":"purchasable","15":"product-type-simple"},"jetpack_sharing_enabled":true,"_links":{"self":[{"href":"https:\/\/bahrinnargile.com\/index.php\/wp-json\/wp\/v2\/product\/10119","targetHints":{"allow":["GET"]}}],"collection":[{"href":"https:\/\/bahrinnargile.com\/index.php\/wp-json\/wp\/v2\/product"}],"about":[{"href":"https:\/\/bahrinnargile.com\/index.php\/wp-json\/wp\/v2\/types\/product"}],"version-history":[{"count":1,"href":"https:\/\/bahrinnargile.com\/index.php\/wp-json\/wp\/v2\/product\/10119\/revisions"}],"predecessor-version":[{"id":10121,"href":"https:\/\/bahrinnargile.com\/index.php\/wp-json\/wp\/v2\/product\/10119\/revisions\/10121"}],"wp:featuredmedia":[{"embeddable":true,"href":"https:\/\/bahrinnargile.com\/index.php\/wp-json\/wp\/v2\/media\/10120"}],"wp:attachment":[{"href":"https:\/\/bahrinnargile.com\/index.php\/wp-json\/wp\/v2\/media?parent=10119"}],"wp:term":[{"taxonomy":"product_brand","embeddable":true,"href":"https:\/\/bahrinnargile.com\/index.php\/wp-json\/wp\/v2\/product_brand?post=10119"},{"taxonomy":"product_cat","embeddable":true,"href":"https:\/\/bahrinnargile.com\/index.php\/wp-json\/wp\/v2\/product_cat?post=10119"},{"taxonomy":"product_tag","embeddable":true,"href":"https:\/\/bahrinnargile.com\/index.php\/wp-json\/wp\/v2\/product_tag?post=10119"}],"curies":[{"name":"wp","href":"https:\/\/api.w.org\/{rel}","templated":true}]}}