{"id":10400,"date":"2025-12-22T11:53:16","date_gmt":"2025-12-22T11:53:16","guid":{"rendered":"https:\/\/bahrinnargile.com\/?post_type=product&#038;p=10400"},"modified":"2026-03-06T08:08:28","modified_gmt":"2026-03-06T08:08:28","slug":"disi-erkek-donusturucu-aparat","status":"publish","type":"product","link":"https:\/\/bahrinnargile.com\/index.php\/urun\/disi-erkek-donusturucu-aparat\/","title":{"rendered":"Di\u015fi \/ Erkek D\u00f6n\u00fc\u015ft\u00fcr\u00fcc\u00fc Aparat"},"content":{"rendered":"","protected":false},"excerpt":{"rendered":"","protected":false},"featured_media":10401,"template":"","meta":[],"product_brand":[],"product_cat":[178,69,189],"product_tag":[],"class_list":{"0":"post-10400","1":"product","2":"type-product","3":"status-publish","4":"has-post-thumbnail","6":"product_cat-aksesuarlar-aksesuarlar","7":"product_cat-aksesuarlar","8":"product_cat-diger-aksesuarlar","10":"first","11":"instock","12":"purchasable","13":"product-type-simple"},"jetpack_sharing_enabled":true,"_links":{"self":[{"href":"https:\/\/bahrinnargile.com\/index.php\/wp-json\/wp\/v2\/product\/10400","targetHints":{"allow":["GET"]}}],"collection":[{"href":"https:\/\/bahrinnargile.com\/index.php\/wp-json\/wp\/v2\/product"}],"about":[{"href":"https:\/\/bahrinnargile.com\/index.php\/wp-json\/wp\/v2\/types\/product"}],"version-history":[{"count":1,"href":"https:\/\/bahrinnargile.com\/index.php\/wp-json\/wp\/v2\/product\/10400\/revisions"}],"predecessor-version":[{"id":10403,"href":"https:\/\/bahrinnargile.com\/index.php\/wp-json\/wp\/v2\/product\/10400\/revisions\/10403"}],"wp:featuredmedia":[{"embeddable":true,"href":"https:\/\/bahrinnargile.com\/index.php\/wp-json\/wp\/v2\/media\/10401"}],"wp:attachment":[{"href":"https:\/\/bahrinnargile.com\/index.php\/wp-json\/wp\/v2\/media?parent=10400"}],"wp:term":[{"taxonomy":"product_brand","embeddable":true,"href":"https:\/\/bahrinnargile.com\/index.php\/wp-json\/wp\/v2\/product_brand?post=10400"},{"taxonomy":"product_cat","embeddable":true,"href":"https:\/\/bahrinnargile.com\/index.php\/wp-json\/wp\/v2\/product_cat?post=10400"},{"taxonomy":"product_tag","embeddable":true,"href":"https:\/\/bahrinnargile.com\/index.php\/wp-json\/wp\/v2\/product_tag?post=10400"}],"curies":[{"name":"wp","href":"https:\/\/api.w.org\/{rel}","templated":true}]}}