{"id":11007,"date":"2025-12-26T20:36:14","date_gmt":"2025-12-26T20:36:14","guid":{"rendered":"https:\/\/bahrinnargile.com\/?post_type=product&#038;p=11007"},"modified":"2026-04-09T13:11:37","modified_gmt":"2026-04-09T13:11:37","slug":"steamulation-4-cikisli-takim","status":"publish","type":"product","link":"https:\/\/bahrinnargile.com\/index.php\/urun\/steamulation-4-cikisli-takim\/","title":{"rendered":"Steamulation Pro X 3 Tak\u0131m"},"content":{"rendered":"","protected":false},"excerpt":{"rendered":"<h4>&#8211; \u00dcr\u00fcn\u00fcm\u00fcz Orijinaldir.<\/h4>\n<p>Steamulation Pro X III, \u00e7ok hortumlu \u015fi\u015fler i\u00e7in d\u00fcnyan\u0131n en geli\u015fmi\u015f temizleme sistemine sahiptir. Bu<br \/>\nbenzersiz Buharla\u015ft\u0131rma Purge Pro valfleri, herhangi bir kullan\u0131c\u0131n\u0131n kaseyi gerek kalmadan kolayca \u00fcflemesini sa\u011flar<br \/>\nvalf toplar\u0131n\u0131 \u00e7\u0131kar\u0131n.teamulation Pro X III, \u00e7ok hortumlu \u015fi\u015fler i\u00e7in d\u00fcnyan\u0131n en geli\u015fmi\u015f temizleme sistemine sahiptir. Bu<br \/>\nbenzersiz Buharla\u015ft\u0131rma Purge Pro valfleri, herhangi bir kullan\u0131c\u0131n\u0131n kaseyi gerek kalmadan kolayca \u00fcflemesini sa\u011flar<br \/>\nvateamulation Pro X III, \u00e7ok hortumlu \u015fi\u015fler i\u00e7in d\u00fcnyan\u0131n en geli\u015fmi\u015f temizleme sistemine sahiptir. Bu<br \/>\nbenzersiz Buharla\u015ft\u0131rma Purge Pro valfleri, herhangi bir kullan\u0131c\u0131n\u0131n kaseyi gerek kalmadan kolayca \u00fcflemesini sa\u011flar<br \/>\nvalf toplar\u0131n\u0131 \u00e7\u0131kar\u0131n. D\u00f6rt duman portunun tamam\u0131ndaki valfler her iki y\u00f6nde de otomatik olarak \u00e7al\u0131\u015f\u0131r (duman &amp;<br \/>\n\u00fcfle). Ak\u0131ll\u0131 sistem, nargiledeki a\u015f\u0131r\u0131 bas\u0131nc\u0131 bile telafi edebilir ve ard\u0131ndan<br \/>\ngerekirse \u00fcflemek i\u00e7in serbest hortum ba\u011flant\u0131lar\u0131. Sistem yeniden optimize edildi ve geli\u015ftirildi<br \/>\n\u00f6nceki nesil ile kar\u015f\u0131la\u015ft\u0131r\u0131ld\u0131\u011f\u0131nda.<br \/>\nSteamulation Tasfiye Pro X III<br \/>\nSteamulation Pro X (Gen.III), ak\u0131\u015f teknolojisi a\u00e7\u0131s\u0131ndan optimize edilmi\u015ftir ve<br \/>\ndaha b\u00fcy\u00fck ak\u0131\u015f kesitleri. Taslak, \u00f6ncekine g\u00f6re% 25 art\u0131r\u0131ld\u0131.teamulation Pro X (Gen.III), ak\u0131\u015f teknolojisi a\u00e7\u0131s\u0131ndan optimize edilmi\u015ftir ve<br \/>\ndaha b\u00fcy\u00fck ak\u0131\u015f kesitleri. Taslak, \u00f6ncekine g (Gen.III), ak\u0131\u015f teknolojisi a\u00e7\u0131s\u0131ndan optimize edilmi\u015ftir ve<br \/>\ndaha b\u00fcy\u00fck ak\u0131\u015f kesitleri. Taslak, \u00f6ncekine g\u00f6re% 25 art\u0131r\u0131ld\u0131. At the<br \/>\nayn\u0131 zamanda, Buharla\u015ft\u0131rma Geli\u015fmi\u015f Hava Ak\u0131m\u0131 Kontrol\u00fcn\u00fcn ayar aral\u0131\u011f\u0131 artt\u0131r\u0131l\u0131r.<br \/>\nBuharla\u015fma Y\u00fcksek Ak\u0131\u015fl\u0131 Sistem<br \/>\nSteamulation Pro X III, kullan\u0131c\u0131lar\u0131n\u0131n her hortum ba\u011flant\u0131s\u0131ndaki tasla\u011f\u0131 ayr\u0131 ayr\u0131 ayarlamas\u0131na olanak tan\u0131r<br \/>\ngeleneksel ve modern aras\u0131ndaki buharla\u015fma Hava Ak\u0131m\u0131 Kontrol\u00fc kullan\u0131larak arzu edilir. \u0130le kar\u015f\u0131la\u015ft\u0131r\u0131ld\u0131\u011f\u0131nda<br \/>\nselefi, maksimum \u00e7eki\u015f artt\u0131r\u0131ld\u0131 ve hortum ba\u011flant\u0131lar\u0131 \u015fu \u015fekilde ayarland\u0131:<br \/>\nnemi tabana geri y\u00f6nlendirin. Ek olarak, ba\u011flant\u0131lar art\u0131k a\u00e7mak i\u00e7in tamamen kapat\u0131labilir<br \/>\na\u015f\u0131r\u0131 bas\u0131n\u00e7 fonksiyonunu kapat\u0131n.simum \u00e7eki\u015f artt\u0131r\u0131ld\u0131 ve hortum ba\u011flant\u0131lar\u0131 \u015fu \u015fekilde ayarland\u0131:<br \/>\nnemi tabana geri y\u00f6nlendirin. Ek olarak, ba\u011flant\u0131lar art\u0131k a\u00e7mak i\u00e7in tamamen kapat\u0131labilir<br \/>\na\u015f\u0131r\u0131 bas\u0131n\u00e7 fonksiyonunu kapat\u0131n.<br \/>\nBuharla\u015fmselefi, maksimum \u00e7eki\u015f artt\u0131r\u0131ld\u0131 ve hortum ba\u011flant\u0131lar\u0131 \u015fu \u015fekilde ayarland\u0131:<br \/>\nnemi tabana geri y\u00f6nlendirin. Ek olarak, ba\u011flant\u0131lar art\u0131k a\u00e7mak i\u00e7in tamamen kapat\u0131labilir<br \/>\na\u015f\u0131r\u0131 bas\u0131n\u00e7 fonksiyonunu kapat\u0131n.<br \/>\nBuharla\u015fma Hava Ak\u0131m\u0131 Kontrol\u00fc<br \/>\nYeni Dald\u0131rma T\u00fcp\u00fc Kontrol\u00fc ile dald\u0131rma t\u00fcp\u00fcn\u00fcn uzunlu\u011funu 10 farkl\u0131 \u015fekilde kendiniz belirleyebilirsiniz<br \/>\nad\u0131mlar, b\u00f6ylece Pro X&#8217;inizin \u00e7ekilmesini ve s\u0131k\u0131lmas\u0131n\u0131 daha da \u00f6zelle\u015ftirir.<br \/>\nBuharla\u015ft\u0131rma Dald\u0131rma Borusu Kontrol\u00fc<br \/>\nYeni Geli\u015fmi\u015f Dif\u00fcz\u00f6r tan\u0131nm\u0131\u015f Steamulation So\u011futma Dif\u00fcz\u00f6r esinlenmi\u015ftir. Y\u00fczebilen bir top<br \/>\ndif\u00fcz\u00f6rde, su kolonunun dald\u0131rma t\u00fcp\u00fcnde y\u00fckselmesini ve sallanmas\u0131n\u0131 \u00f6nler. Bir tarafta<br \/>\nbu, nargilenin ta\u015fmas\u0131n\u0131 imkans\u0131z hale getirerek a\u015f\u0131r\u0131 bas\u0131n\u00e7 i\u015flevini tamamlar.if\u00fcz\u00f6rde, su kolonunun dald\u0131rma t\u00fcp\u00fcnde y\u00fckselmesini ve sallanmas\u0131n\u0131 \u00f6nler. Bir tarafta<br \/>\nbu, nargilenin ta\u015fmas\u0131n\u0131 imkans\u0131z hale getirerek a\u015f\u0131r\u0131 bas\u0131n\u00e7 i\u015flevini tamamlar. On the<br \/>\n\u00f6te yandan, su s\u00fctununun sallanmas\u0131 \u00e7ok olumlu oldu\u011fu i\u00e7in sigara i\u00e7me davran\u0131\u015f\u0131 \u00e7ok oif\u00fcz\u00f6rde, su kolonunun dald\u0131rma t\u00fcp\u00fcnde y\u00fckselmesini ve sallanmas\u0131n\u0131 \u00f6nler. Bir tarafta<br \/>\nbu, nargilenin ta\u015fmas\u0131n\u0131 imkans\u0131z hale getirerek a\u015f\u0131r\u0131 bas\u0131n\u00e7 i\u015flevini tamamlar. On the<br \/>\n\u00f6te yandan, su s\u00fctununun sallanmas\u0131 \u00e7ok olumlu oldu\u011fu i\u00e7in sigara i\u00e7me davran\u0131\u015f\u0131 \u00e7ok olumlu etkilenir.<br \/>\netkili bir \u015fekilde nemlendirildi. S\u0131karken, hemen ho\u015f bir cereyan ve s\u0131kma meydana gelir, \u00e7\u00fcnk\u00fc<br \/>\n\u00f6nce dald\u0131rma t\u00fcp\u00fcnden suyun yer de\u011fi\u015ftirmesi gerekmez. Ayr\u0131ca, bu \u00f6zellik bug\u00fcn yaln\u0131zca Steamulation&#8217;da mevcuttur ve piyasadaki hi\u00e7bir nargilede bulunmamaktad\u0131r.<br \/>\nGeli\u015fmi\u015f Dif\u00fcz\u00f6r<br \/>\nSteamulation Pro X III ile, iyi bilinen X \u00dcfleme, bir plaka \u00dcfleme ile desteklenir. PlakaGeli\u015fmi\u015f Dif\u00fcz\u00f6r<br \/>\nSteamulation Pro X III ile, iyi bilinen X \u00dcfleme, bir plaka \u00dcfleme ile desteklenir. Plaka<br \/>\n\u00dcfleme, \u00dcfleme plakas\u0131n\u0131 k\u00f6m\u00fcr plakas\u0131n\u0131n alt\u0131na \u00e7evirerek etkinle\u015ftirilebilir ve devre d\u0131\u015f\u0131 b\u0131rak\u0131laGeli\u015fmi\u015f Dif\u00fcz\u00f6r<br \/>\nSteamulation Pro X III ile, iyi bilinen X \u00dcfleme, bir plaka \u00dcfleme ile desteklenir. Plaka<br \/>\n\u00dcfleme, \u00dcfleme plakas\u0131n\u0131 k\u00f6m\u00fcr plakas\u0131n\u0131n alt\u0131na \u00e7evirerek etkinle\u015ftirilebileli\u015fmi\u015f Dif\u00fcz\u00f6r<br \/>\nSteamulation Pro X III ile, iyi bilinen X \u00dcfleme, bir plaka \u00dcfleme ile desteklenir. Plaka<br \/>\n\u00dcfleme, \u00dcfleme plakas\u0131n\u0131 k\u00f6m\u00fcr plakas\u0131n\u0131n alt\u0131na \u00e7evirerek etkinle\u015ftirilebilir ve devre d\u0131\u015f\u0131 b\u0131rak\u0131labilir. \u0130le&#8230;<br \/>\nselefinden tan\u0131d\u0131k X Blow Off, Steamulation Pro X III \u015fimdi 31 farkl\u0131 \u00dcfleme se\u00e7ene\u011fi sunuyor.<br \/>\nFavori se\u00e7in!<br \/>\nX +U\u00e7urur<br \/>\nYeni bir \u00f6zellik iste\u011fe ba\u011fl\u0131 so\u011futma kontrol adapt\u00f6r\u00fcd\u00fcr. Bu iste\u011fe ba\u011fl\u0131 olarak arka egzoz havas\u0131n\u0131n bir k\u0131sm\u0131 y\u00f6nlendirir<br \/>\nt\u00fct\u00fcn kafas\u0131na \u00fcst duman s\u00fctunu. Bu, t\u00fct\u00fcn ba\u015fl\u0131\u011f\u0131n\u0131n so\u011futulmas\u0131n\u0131 sa\u011flar.<br \/>\nhedefe y\u00f6nelik bir tav\u0131r. Hava miktar\u0131 ayarlanabilir ve kapat\u0131labilir veya kal\u0131c\u0131 olarak kalabilir<br \/>\netkinle\u015ftirildi. So\u011futma kontrol\u00fc, taban ile duman s\u00fctunu aras\u0131na basit\u00e7e yerle\u015ftirilir ve<br \/>\nt\u00fcm X \u00dcfleme ve man\u015fonlarla birle\u015ftirilmi\u015ftir.edefe y\u00f6nelik bir tav\u0131r. Hava miktar\u0131 ayarlanabilir ve kapat\u0131labilir veya olarak kalabilir<br \/>\netkinle\u015ftirildi. So\u011futma kontredefe y\u00f6nelik bir . Hava miktar\u0131 ayarlanabilir ve kapat\u0131labilir veya kal\u0131c\u0131 olarak kalabilir<br \/>\netkinle\u015ftirildi. So\u011futma kontrol\u00fc, tab<\/p>\n","protected":false},"featured_media":11008,"template":"","meta":[],"product_brand":[],"product_cat":[131,204,138],"product_tag":[],"class_list":{"0":"post-11007","1":"product","2":"type-product","3":"status-publish","4":"has-post-thumbnail","6":"product_cat-ithal-takimlar","7":"product_cat-takim","8":"product_cat-steamulation","10":"first","11":"instock","12":"purchasable","13":"product-type-simple"},"jetpack_sharing_enabled":true,"_links":{"self":[{"href":"https:\/\/bahrinnargile.com\/index.php\/wp-json\/wp\/v2\/product\/11007","targetHints":{"allow":["GET"]}}],"collection":[{"href":"https:\/\/bahrinnargile.com\/index.php\/wp-json\/wp\/v2\/product"}],"about":[{"href":"https:\/\/bahrinnargile.com\/index.php\/wp-json\/wp\/v2\/types\/product"}],"version-history":[{"count":5,"href":"https:\/\/bahrinnargile.com\/index.php\/wp-json\/wp\/v2\/product\/11007\/revisions"}],"predecessor-version":[{"id":12593,"href":"https:\/\/bahrinnargile.com\/index.php\/wp-json\/wp\/v2\/product\/11007\/revisions\/12593"}],"wp:featuredmedia":[{"embeddable":true,"href":"https:\/\/bahrinnargile.com\/index.php\/wp-json\/wp\/v2\/media\/11008"}],"wp:attachment":[{"href":"https:\/\/bahrinnargile.com\/index.php\/wp-json\/wp\/v2\/media?parent=11007"}],"wp:term":[{"taxonomy":"product_brand","embeddable":true,"href":"https:\/\/bahrinnargile.com\/index.php\/wp-json\/wp\/v2\/product_brand?post=11007"},{"taxonomy":"product_cat","embeddable":true,"href":"https:\/\/bahrinnargile.com\/index.php\/wp-json\/wp\/v2\/product_cat?post=11007"},{"taxonomy":"product_tag","embeddable":true,"href":"https:\/\/bahrinnargile.com\/index.php\/wp-json\/wp\/v2\/product_tag?post=11007"}],"curies":[{"name":"wp","href":"https:\/\/api.w.org\/{rel}","templated":true}]}}