{"id":11013,"date":"2025-12-26T20:40:52","date_gmt":"2025-12-26T20:40:52","guid":{"rendered":"https:\/\/bahrinnargile.com\/?post_type=product&#038;p=11013"},"modified":"2026-04-09T13:10:52","modified_gmt":"2026-04-09T13:10:52","slug":"steamulation-xpansion-mini","status":"publish","type":"product","link":"https:\/\/bahrinnargile.com\/index.php\/urun\/steamulation-xpansion-mini\/","title":{"rendered":"Steamulation Xpansion Mini"},"content":{"rendered":"","protected":false},"excerpt":{"rendered":"<h4>\u00a0&#8211; \u00dcr\u00fcn\u00fcm\u00fcz Orijinaldir.<\/h4>\n<p>Steamulation Xpansion Mini, s\u0131n\u0131f\u0131n\u0131n mutlak \u00fcst d\u00fczey \u00fcr\u00fcn\u00fcd\u00fcr ve hem i\u015flevleri hem de kalitesi a\u00e7\u0131s\u0131ndan liderdir!<\/p>\n<p><strong>Bir bak\u0131\u015fta t\u00fcm \u00f6zellikler:<\/strong><\/p>\n<p><strong>Xpansion teknolojisi (en \u00fcst \u00f6zellik!)<\/strong><\/p>\n<p>SteamClick 360 ile Steamulation, geleneksel i\u015f par\u00e7ac\u0131\u011f\u0131 kilidinde devrim yaratt\u0131! \u015eimdi bir sonraki devrim geliyor! Xpansion teknolojisi ile geleneksel plug-in nargile sisteminde devrim yarat\u0131yoruz. Geleneksel plug-in nargilelerde taban ve kase genellikle birbirine \u00e7ok s\u0131k\u0131 veya \u00e7ok gev\u015fek bir \u015fekilde bir contayla ba\u011flan\u0131r. Her kase biraz farkl\u0131 oldu\u011fundan, taban ve cam kase neredeyse hi\u00e7bir zaman m\u00fckemmel bir \u015fekilde e\u015fle\u015fmez! Steamulation Xpansion teknolojisi t\u00fcm bunlar\u0131 de\u011fi\u015ftiriyor. Contan\u0131n boyutunu art\u0131rmak veya azaltmak i\u00e7in Xpansion halkas\u0131n\u0131 \u00e7evirmeniz yeterlidir. Geni\u015fliyor! Bu, contan\u0131n herhangi bir cama m\u00fckemmel \u015fekilde uyum sa\u011flad\u0131\u011f\u0131 anlam\u0131na gelir!<\/p>\n<p>\u2013 Patent Beklemede \u2013<\/p>\n<p><strong>Toprak eklemi adapt\u00f6r\u00fc<\/strong><\/p>\n<p>Steamulation Xpansion&#8217;da toprak eklemli hortum adapt\u00f6r\u00fc bulunur. Ayr\u0131ca iplik yerine topraklama derzi duman kolonu adapt\u00f6r\u00fcne sahiptir.<\/p>\n<p><strong>Y\u00fcksek Ak\u0131\u015f Sistemi<\/strong><\/p>\n<p>Steamulation Xpansion Mini&#8217;nin her bile\u015feni ak\u0131\u015f teknolojisi a\u00e7\u0131s\u0131ndan optimize edildi ve bu da harika bir taslakla sonu\u00e7land\u0131!<\/p>\n<p><strong>Steamulation so\u011futma dif\u00fcz\u00f6r\u00fc (bu s\u0131n\u0131fta benzersiz!)<\/strong><\/p>\n<p>Steamulation Xpansion Mini, Steamulation d\u00fcnyas\u0131na giri\u015f ve ger\u00e7ek bir Steamulation Nargile&#8217;dir. Bu nedenle say\u0131s\u0131z \u00f6zelli\u011fi birle\u015ftiren So\u011futma Dif\u00fcz\u00f6r\u00fc ile de uyumludur! (dald\u0131rma t\u00fcp\u00fcn\u00fcn daha da fazla ayarlanmas\u0131, melas tutucu, ta\u015fma korumas\u0131 ve su sal\u0131n\u0131m\u0131n\u0131n \u00f6nlenmesi (Pro X III&#8217;ten bilinir) ve ayr\u0131ca otomatik so\u011futma!<\/p>\n<p><strong>X-Blow Off Temel teknoloji\u00a0<\/strong><strong>(Bu s\u0131n\u0131fta benzersiz!)<\/strong><\/p>\n<p>Steamulation Xpansion Mini, X-Blow Off sisteminin temel versiyonuna sahiptir. Sigara i\u00e7erken ayarlanabilen, \u00fcflemeyi de\u011fi\u015ftirmenize olanak tan\u0131yan \u00fcfleme sistemi. X-Blow Off adapt\u00f6r\u00fc hem taban\u0131n \u00fcst\u00fcnde hem de plakan\u0131n alt\u0131nda kullan\u0131labilir. Ayr\u0131ca herhangi bir zamanda basit\u00e7e d\u00f6nd\u00fcr\u00fclerek etkinle\u015ftirilebilen veya devre d\u0131\u015f\u0131 b\u0131rak\u0131labilen Blow Off plakas\u0131 da vard\u0131r. Bu, standart olarak 14 farkl\u0131 \u00fcfleme se\u00e7ene\u011fiyle sonu\u00e7lan\u0131r. Ayr\u0131ca ikinci bir X-Blow Off adapt\u00f6r\u00fcne y\u00fckseltme se\u00e7ene\u011fi de var ve se\u00e7enek say\u0131s\u0131n\u0131 31&#8217;e \u00e7\u0131kar\u0131yor! Buharla\u015fma bu teknolojinin \u00f6nc\u00fcs\u00fc ve mucididir!<\/p>\n<p><strong>Dip T\u00fcp Kontrol\u00fc\u00a0<\/strong><strong>(Bu s\u0131n\u0131fta benzersiz!)<\/strong><\/p>\n<p>Steamulation Xpansion Mini, Dip T\u00fcp Kontrol\u00fcn\u00fcn k\u0131salt\u0131lm\u0131\u015f bir versiyonuna sahiptir. Dip T\u00fcp Kontrol\u00fc ile dip t\u00fcp\u00fcn uzunlu\u011funu 6 a\u015famada kendiniz belirleyebilirsiniz. Dald\u0131rma t\u00fcp\u00fcn\u00fc k\u0131saltarak veya uzatarak nargilenizin \u00e7eki\u015fini ve \u00e7ekimini kendiniz i\u00e7in optimize edebilirsiniz. Bu, sigara i\u00e7me deneyiminizi ba\u015fka hi\u00e7bir nargile gibi \u00f6zelle\u015ftirmenize olanak tan\u0131r. Alt dald\u0131rma t\u00fcp eleman\u0131n\u0131 \u00e7evirerek, dif\u00fcz\u00f6rl\u00fc veya dif\u00fcz\u00f6rs\u00fcz sigara i\u00e7ebilirsiniz. Bu \u00f6zellik, Xpansion Mini&#8217;nin plug-in g\u00f6zl\u00fcklerin birlikte geldi\u011fi farkl\u0131 cam boyutlar\u0131na ve \u015fekillerine uyum sa\u011flamas\u0131na olanak tan\u0131d\u0131\u011f\u0131 i\u00e7in \u00f6zellikle ustacad\u0131r!<\/p>\n<p><strong>Steamulation\u2013 Almanya&#8217;da \u00fcretilmi\u015ftir<\/strong><\/p>\n<p>Steamulat\u015fon, piyasadaki en y\u00fcksek kalite ve \u00fcretim standartlar\u0131 ile bilinir. The <strong>metal par\u00e7alar\u00a0<\/strong>xpansion Mini de yaln\u0131zca Alman \u00fcretim tesislerimizde \u00fcretilmektedir (cam ve man\u015fon hari\u00e7). Bu, Xpansion Mini&#8217;yi genellikle Asya&#8217;da \u00fcretilen s\u0131n\u0131f\u0131ndaki t\u00fcm benzer \u00fcr\u00fcnlerden ay\u0131r\u0131r.<\/p>\n","protected":false},"featured_media":11014,"template":"","meta":[],"product_brand":[],"product_cat":[131,204,138],"product_tag":[],"class_list":{"0":"post-11013","1":"product","2":"type-product","3":"status-publish","4":"has-post-thumbnail","6":"product_cat-ithal-takimlar","7":"product_cat-takim","8":"product_cat-steamulation","10":"first","11":"instock","12":"purchasable","13":"product-type-simple"},"jetpack_sharing_enabled":true,"_links":{"self":[{"href":"https:\/\/bahrinnargile.com\/index.php\/wp-json\/wp\/v2\/product\/11013","targetHints":{"allow":["GET"]}}],"collection":[{"href":"https:\/\/bahrinnargile.com\/index.php\/wp-json\/wp\/v2\/product"}],"about":[{"href":"https:\/\/bahrinnargile.com\/index.php\/wp-json\/wp\/v2\/types\/product"}],"version-history":[{"count":5,"href":"https:\/\/bahrinnargile.com\/index.php\/wp-json\/wp\/v2\/product\/11013\/revisions"}],"predecessor-version":[{"id":12591,"href":"https:\/\/bahrinnargile.com\/index.php\/wp-json\/wp\/v2\/product\/11013\/revisions\/12591"}],"wp:featuredmedia":[{"embeddable":true,"href":"https:\/\/bahrinnargile.com\/index.php\/wp-json\/wp\/v2\/media\/11014"}],"wp:attachment":[{"href":"https:\/\/bahrinnargile.com\/index.php\/wp-json\/wp\/v2\/media?parent=11013"}],"wp:term":[{"taxonomy":"product_brand","embeddable":true,"href":"https:\/\/bahrinnargile.com\/index.php\/wp-json\/wp\/v2\/product_brand?post=11013"},{"taxonomy":"product_cat","embeddable":true,"href":"https:\/\/bahrinnargile.com\/index.php\/wp-json\/wp\/v2\/product_cat?post=11013"},{"taxonomy":"product_tag","embeddable":true,"href":"https:\/\/bahrinnargile.com\/index.php\/wp-json\/wp\/v2\/product_tag?post=11013"}],"curies":[{"name":"wp","href":"https:\/\/api.w.org\/{rel}","templated":true}]}}