{"id":11052,"date":"2025-12-26T21:02:26","date_gmt":"2025-12-26T21:02:26","guid":{"rendered":"https:\/\/bahrinnargile.com\/?post_type=product&#038;p=11052"},"modified":"2026-04-09T13:09:13","modified_gmt":"2026-04-09T13:09:13","slug":"bullet-gold-takim","status":"publish","type":"product","link":"https:\/\/bahrinnargile.com\/index.php\/urun\/bullet-gold-takim\/","title":{"rendered":"YT Bullet Titanyum Gold Nargile Tak\u0131m\u0131"},"content":{"rendered":"","protected":false},"excerpt":{"rendered":"<h4>&#8211; \u00dcr\u00fcn\u00fcm\u00fcz Orijinaldir.<\/h4>\n<h5><a>\u00dcr\u00fcn \u00d6zellikleri<\/a><\/h5>\n<div id=\"divTabOzellikler\" class=\"urunDetayPanel\">\n<div class=\"urunTabAlt\">\n<table class=\"urunaciklama\">\n<thead>\n<tr>\n<th>\u00dcr\u00fcn \u00d6l\u00e7\u00fcleri<\/th>\n<th>Detaylar<\/th>\n<\/tr>\n<\/thead>\n<tbody>\n<tr>\n<td>Tak\u0131m Uzunlu\u011fu<\/td>\n<td>49 cm<\/td>\n<\/tr>\n<tr>\n<td>\u015ei\u015fe Uzunlu\u011fu<\/td>\n<td>24 cm<\/td>\n<\/tr>\n<tr>\n<td>\u015ei\u015fe \u00c7ap\u0131<\/td>\n<td>19 cm<\/td>\n<\/tr>\n<tr>\n<td>\u0130\u00e7 Boru Uzunlu\u011fu<\/td>\n<td>19,5 cm<\/td>\n<\/tr>\n<tr>\n<td>Dif\u00fcz\u00f6r Uzunlu\u011fu<\/td>\n<td>1,7 cm<\/td>\n<\/tr>\n<tr>\n<td>\u0130\u00e7 Boru \u00c7ap\u0131<\/td>\n<td>1,5 cm<\/td>\n<\/tr>\n<tr>\n<td>G\u00f6vde Uzunlu\u011fu (G\u00f6bek Dahil)<\/td>\n<td>31 cm<\/td>\n<\/tr>\n<tr>\n<td>L\u00fcle Giri\u015f \u00c7ap\u0131<\/td>\n<td>2,7 cm<\/td>\n<\/tr>\n<tr>\n<td>Tepsi \u00c7ap\u0131<\/td>\n<td>19,5 cm<\/td>\n<\/tr>\n<tr>\n<td>Ma\u015fa Uzunlu\u011fu<\/td>\n<td>18 cm<\/td>\n<\/tr>\n<tr>\n<td>Hortum Uzunlu\u011fu<\/td>\n<td>130 cm<\/td>\n<\/tr>\n<tr>\n<td>Marpu\u00e7 Ba\u015fl\u0131k Uzunlu\u011fu<\/td>\n<td>22 cm<\/td>\n<\/tr>\n<\/tbody>\n<\/table>\n<h5><strong>YT Bullet Titanyum Gold Nargile Tak\u0131m\u0131\u00a0<\/strong><\/h5>\n<p><strong>YT Bullet Titanyum Gold Nargile Tak\u0131m\u0131<\/strong>, dayan\u0131kl\u0131l\u0131\u011f\u0131, modern tasar\u0131m\u0131 ve \u00fcst\u00fcn performans\u0131yla nargile severlerin beklentilerini fazlas\u0131yla kar\u015f\u0131layan bir \u00fcr\u00fcnd\u00fcr. %100 \u00e7elik yap\u0131s\u0131, uzun \u00f6m\u00fcrl\u00fc kullan\u0131m sa\u011flarken, \u00e7elik dif\u00fcz\u00f6r\u00fc ile duman\u0131 yumu\u015fatarak her i\u00e7imde p\u00fcr\u00fczs\u00fcz bir deneyim sunar. G\u00f6bek eklem par\u00e7as\u0131ndan tam tahliye \u00f6zelli\u011fi sayesinde her kullan\u0131mda temiz ve yo\u011fun aroma elde etmenizi sa\u011flar. Bu \u00f6zellikleriyle, hem evde hem de ticari mekanlarda kullan\u0131m i\u00e7in m\u00fckemmel bir tercihtir. YT Bullet Titanyum Gold Nargile Tak\u0131m\u0131, \u00e7elik tepsi, saf silikon hortum, YT \u00e7elik ba\u015fl\u0131kl\u0131 nargile tak\u0131m\u0131 ve YT \u00e7elik ma\u015fa gibi y\u00fcksek kaliteli bile\u015fenlerden olu\u015fur. Marpu\u00e7ta bulunan k\u0131r\u0131lmay\u0131 \u00f6nleyen yay sistemi ve di\u015fi l\u00fcle uyumu, kullan\u0131m kolayl\u0131\u011f\u0131n\u0131 art\u0131r\u0131rken, i\u00e7 borunun \u00e7elik yap\u0131s\u0131 sayesinde tat tutma oran\u0131 %0,5&#8217;in alt\u0131na d\u00fc\u015fer. Bu \u00f6zellik, farkl\u0131 aromalar aras\u0131nda ge\u00e7i\u015f yaparken tatlar\u0131n kar\u0131\u015fmas\u0131n\u0131 \u00f6nler ve her seferinde saf bir i\u00e7im deneyimi sa\u011flar.<\/p>\n<\/div>\n<div>\n<h5><strong>\u00d6ne \u00c7\u0131kan \u00d6zellikler<\/strong><\/h5>\n<ul>\n<li><strong>%100 \u00c7elik G\u00f6vde:<\/strong>\u00a0Dayan\u0131kl\u0131 ve uzun \u00f6m\u00fcrl\u00fc kullan\u0131m sunar.<\/li>\n<li><strong>\u00c7elik Dif\u00fcz\u00f6r:<\/strong>\u00a0Duman\u0131 yumu\u015fatarak p\u00fcr\u00fczs\u00fcz bir i\u00e7im deneyimi sa\u011flar.<\/li>\n<li><strong>Tam Tahliye \u00d6zelli\u011fi:<\/strong>\u00a0G\u00f6bek eklem par\u00e7as\u0131ndan tam tahliye yaparak temiz ve yo\u011fun aroma elde edilmesini sa\u011flar.<\/li>\n<li><strong>Tat Tutmayan \u0130\u00e7 Boru:<\/strong>\u00a0\u00c7elik i\u00e7 boru sayesinde tat tutma oran\u0131 %0,5&#8217;in alt\u0131ndad\u0131r, b\u00f6ylece farkl\u0131 aromalar aras\u0131nda ge\u00e7i\u015fte tatlar kar\u0131\u015fmaz.<\/li>\n<li><strong>\u00dcst\u00fcn Bile\u015fenler:<\/strong>\u00a0\u00c7elik tepsi, saf silikon hortum, YT \u00e7elik ba\u015fl\u0131kl\u0131 nargile tak\u0131m\u0131 ve YT \u00e7elik ma\u015fa i\u00e7erir.<\/li>\n<li><strong>K\u0131r\u0131lmay\u0131 \u00d6nleyen Yay Sistemi:<\/strong>\u00a0Marpu\u00e7ta bulunan yay sistemi ile uzun s\u00fcreli kullan\u0131m sa\u011flar.<\/li>\n<li><strong>Di\u015fi L\u00fcle Uyumu:<\/strong>\u00a0Kullan\u0131m kolayl\u0131\u011f\u0131 sunar ve farkl\u0131 l\u00fclelerle uyumludur.<\/li>\n<li><strong>Estetik Tasar\u0131m:<\/strong>\u00a0Modern ve \u015f\u0131k g\u00f6r\u00fcn\u00fcm\u00fcyle her ortama uyum sa\u011flar.<\/li>\n<\/ul>\n<\/div>\n<\/div>\n","protected":false},"featured_media":11053,"template":"","meta":[],"product_brand":[],"product_cat":[130,204,135],"product_tag":[],"class_list":{"0":"post-11052","1":"product","2":"type-product","3":"status-publish","4":"has-post-thumbnail","6":"product_cat-celik-takimlar","7":"product_cat-takim","8":"product_cat-yt","10":"first","11":"instock","12":"purchasable","13":"product-type-simple"},"jetpack_sharing_enabled":true,"_links":{"self":[{"href":"https:\/\/bahrinnargile.com\/index.php\/wp-json\/wp\/v2\/product\/11052","targetHints":{"allow":["GET"]}}],"collection":[{"href":"https:\/\/bahrinnargile.com\/index.php\/wp-json\/wp\/v2\/product"}],"about":[{"href":"https:\/\/bahrinnargile.com\/index.php\/wp-json\/wp\/v2\/types\/product"}],"version-history":[{"count":6,"href":"https:\/\/bahrinnargile.com\/index.php\/wp-json\/wp\/v2\/product\/11052\/revisions"}],"predecessor-version":[{"id":12586,"href":"https:\/\/bahrinnargile.com\/index.php\/wp-json\/wp\/v2\/product\/11052\/revisions\/12586"}],"wp:featuredmedia":[{"embeddable":true,"href":"https:\/\/bahrinnargile.com\/index.php\/wp-json\/wp\/v2\/media\/11053"}],"wp:attachment":[{"href":"https:\/\/bahrinnargile.com\/index.php\/wp-json\/wp\/v2\/media?parent=11052"}],"wp:term":[{"taxonomy":"product_brand","embeddable":true,"href":"https:\/\/bahrinnargile.com\/index.php\/wp-json\/wp\/v2\/product_brand?post=11052"},{"taxonomy":"product_cat","embeddable":true,"href":"https:\/\/bahrinnargile.com\/index.php\/wp-json\/wp\/v2\/product_cat?post=11052"},{"taxonomy":"product_tag","embeddable":true,"href":"https:\/\/bahrinnargile.com\/index.php\/wp-json\/wp\/v2\/product_tag?post=11052"}],"curies":[{"name":"wp","href":"https:\/\/api.w.org\/{rel}","templated":true}]}}