{"id":11055,"date":"2025-12-26T21:03:39","date_gmt":"2025-12-26T21:03:39","guid":{"rendered":"https:\/\/bahrinnargile.com\/?post_type=product&#038;p=11055"},"modified":"2026-04-09T13:08:34","modified_gmt":"2026-04-09T13:08:34","slug":"bullet-cherry-titanium-takim","status":"publish","type":"product","link":"https:\/\/bahrinnargile.com\/index.php\/urun\/bullet-cherry-titanium-takim\/","title":{"rendered":"YT Bullet Titanyum Cherry Nargile Tak\u0131m\u0131"},"content":{"rendered":"","protected":false},"excerpt":{"rendered":"<h4>&#8211; \u00dcr\u00fcn\u00fcm\u00fcz Orijinaldir.<\/h4>\n<h5><a>\u00dcr\u00fcn \u00d6zellikleri<\/a><\/h5>\n<div id=\"divTabOzellikler\" class=\"urunDetayPanel\">\n<div class=\"urunTabAlt\">\n<h5>YT Bullet Titanyum Cherry Nargile Tak\u0131m\u0131 A\u00e7\u0131klamas\u0131<\/h5>\n<p>YT Bullet Titanyum Cherry Nargile Tak\u0131m\u0131, %100 \u00e7elik yap\u0131s\u0131yla uzun \u00f6m\u00fcrl\u00fc kullan\u0131m ve e\u015fsiz i\u00e7im deneyimi sunar. \u00c7elik dif\u00fcz\u00f6r\u00fc sayesinde duman\u0131 yumu\u015fat\u0131rken, g\u00f6bek eklem par\u00e7as\u0131 ile tam tahliye sa\u011flar. Her seferinde temiz ve yo\u011fun aroma elde etmenizi garanti eder. Tak\u0131m, \u00e7elik tepsi, saf silikon hortum, YT \u00e7elik ba\u015fl\u0131kl\u0131 nargile ve YT \u00e7elik ma\u015fa gibi \u00fcst\u00fcn bile\u015fenlerle donat\u0131lm\u0131\u015ft\u0131r. Marpu\u00e7ta k\u0131r\u0131lmay\u0131 \u00f6nleyen yay sistemi ve di\u015fi l\u00fcle uyumu, kullan\u0131m kolayl\u0131\u011f\u0131n\u0131 art\u0131r\u0131r. \u0130\u00e7 borunun \u00e7elik yap\u0131s\u0131 sayesinde tat tutma oran\u0131 %0,5&#8217;ten d\u00fc\u015f\u00fckt\u00fcr, b\u00f6ylece farkl\u0131 aromalar aras\u0131nda ge\u00e7i\u015f yaparken tatlar kar\u0131\u015fmaz. YT Bullet Titanyum Cherry Nargile Tak\u0131m\u0131 ile keyifli ve kaliteli bir nargile deneyimi ya\u015fay\u0131n!<\/p>\n<table class=\"urunaciklama\">\n<thead>\n<tr>\n<th>\u00dcR\u00dcN \u00d6ZELL\u0130KLER\u0130<\/th>\n<th>\u00d6L\u00c7\u00dc<\/th>\n<\/tr>\n<\/thead>\n<tbody>\n<tr>\n<td>Tak\u0131m Uzunlu\u011fu<\/td>\n<td>49 cm<\/td>\n<\/tr>\n<tr>\n<td>\u015ei\u015fe Uzunlu\u011fu<\/td>\n<td>24 cm<\/td>\n<\/tr>\n<tr>\n<td>\u015ei\u015fe \u00c7ap\u0131<\/td>\n<td>19 cm<\/td>\n<\/tr>\n<tr>\n<td>\u0130\u00e7 Boru Uzunlu\u011fu<\/td>\n<td>19,5 cm<\/td>\n<\/tr>\n<tr>\n<td>Dif\u00fcz\u00f6r Uzunlu\u011fu<\/td>\n<td>1,7 cm<\/td>\n<\/tr>\n<tr>\n<td>\u0130\u00e7 Boru \u00c7ap\u0131<\/td>\n<td>1,5 cm<\/td>\n<\/tr>\n<tr>\n<td>G\u00f6vde Uzunlu\u011fu (G\u00f6bek Dahil)<\/td>\n<td>31 cm<\/td>\n<\/tr>\n<tr>\n<td>L\u00fcle Giri\u015f \u00c7ap\u0131<\/td>\n<td>2,7 cm<\/td>\n<\/tr>\n<tr>\n<td>Tepsi \u00c7ap\u0131<\/td>\n<td>19,5 cm<\/td>\n<\/tr>\n<tr>\n<td>Ma\u015fa Uzunlu\u011fu<\/td>\n<td>18 cm<\/td>\n<\/tr>\n<tr>\n<td>Hortum Uzunlu\u011fu<\/td>\n<td>130 cm<\/td>\n<\/tr>\n<tr>\n<td>Marpu\u00e7 Ba\u015fl\u0131k Uzunlu\u011fu<\/td>\n<td>22 cm<\/td>\n<\/tr>\n<\/tbody>\n<\/table>\n<h5>Neden YT BULLET Nargile Tak\u0131m\u0131n\u0131 Tercih Etmelisiniz?<\/h5>\n<p>YT BULLET Nargile Tak\u0131m\u0131, nargile severler i\u00e7in e\u015fsiz bir deneyim sunan bir\u00e7ok avantaja sahiptir. \u0130\u015fte bu \u00fcr\u00fcn\u00fc tercih etmeniz i\u00e7in birka\u00e7 \u00f6nemli neden:<\/p>\n<\/div>\n<div>\n<ul>\n<li id=\"liTabOzellikler\" class=\"TabOzellikler active\">\n<div id=\"divTabOzellikler\" class=\"urunDetayPanel\">\n<div class=\"urunTabAlt\">\n<ol>\n<li><strong>Tat Tutmayan \u00c7elik \u0130\u00e7 Boru<\/strong>: YT BULLET, %100 \u00e7elik i\u00e7 borusu sayesinde farkl\u0131 aromalar\u0131 denemek isteyenler i\u00e7in m\u00fckemmel bir se\u00e7enektir. Tat tutma oran\u0131 %0,5&#8217;ten d\u00fc\u015f\u00fck oldu\u011fundan, her seferinde taze ve yo\u011fun bir aroma deneyimi ya\u015fars\u0131n\u0131z. Farkl\u0131 tatlar aras\u0131nda ge\u00e7i\u015f yaparken, \u00f6nceki aromalar\u0131n etkisi kalmaz.<\/li>\n<li><strong>\u00dcst\u00fcn Kalite<\/strong>: YT BULLET Nargile Tak\u0131m\u0131, dayan\u0131kl\u0131 ve uzun \u00f6m\u00fcrl\u00fc \u00e7elik par\u00e7alarla \u00fcretilmi\u015ftir. Paslanmaz \u00e7elik malzemeleri sayesinde y\u0131llar boyu sorunsuz bir kullan\u0131m sunar. Kalite ve dayan\u0131kl\u0131l\u0131k arayan nargile tutkunlar\u0131 i\u00e7in ideal bir tercihtir.<\/li>\n<li><strong>Yay Sistemi ile Kullan\u0131m Kolayl\u0131\u011f\u0131<\/strong>: Marpu\u00e7ta k\u0131r\u0131lmay\u0131 \u00f6nleyen yay sistemi, kullan\u0131m s\u0131ras\u0131nda rahatl\u0131k sa\u011flar. Ayr\u0131ca, di\u015fi l\u00fcle uyumu sayesinde montaj ve demontaj i\u015flemleri olduk\u00e7a kolayd\u0131r. Bu sayede, nargile keyfinizi kesintisiz bir \u015fekilde s\u00fcrd\u00fcrebilirsiniz.<\/li>\n<li><strong>\u015e\u0131k Tasar\u0131m<\/strong>: YT BULLET Nargile Tak\u0131m\u0131, modern ve \u015f\u0131k tasar\u0131m\u0131yla dikkat \u00e7eker. Hem estetik hem de i\u015flevselli\u011fi bir arada sunarak, nargile deneyiminizi daha keyifli hale getirir.<\/li>\n<li><strong>Geli\u015fmi\u015f Dif\u00fcz\u00f6r Teknolojisi<\/strong>: \u00c7elik dif\u00fcz\u00f6r\u00fc sayesinde duman\u0131 yumu\u015fatarak, daha hafif ve ak\u0131c\u0131 bir i\u00e7im sa\u011flar. Bu \u00f6zellik, nargile keyfinizi art\u0131r\u0131rken, daha yo\u011fun bir aroma deneyimi sunar.<\/li>\n<\/ol>\n<p>YT BULLET Nargile Tak\u0131m\u0131, y\u00fcksek kaliteli malzemeleri ve kullan\u0131c\u0131 dostu tasar\u0131m\u0131 ile nargile tutkunlar\u0131n\u0131n vazge\u00e7ilmezi olmaya aday. E\u011fer siz de nargile keyfinizi bir \u00fcst seviyeye ta\u015f\u0131mak istiyorsan\u0131z, YT BULLET Nargile Tak\u0131m\u0131 tam size g\u00f6re!<\/p>\n<\/div>\n<\/div>\n<\/li>\n<\/ul>\n<\/div>\n<\/div>\n","protected":false},"featured_media":11056,"template":"","meta":[],"product_brand":[],"product_cat":[130,204,135],"product_tag":[],"class_list":{"0":"post-11055","1":"product","2":"type-product","3":"status-publish","4":"has-post-thumbnail","6":"product_cat-celik-takimlar","7":"product_cat-takim","8":"product_cat-yt","10":"first","11":"instock","12":"purchasable","13":"product-type-simple"},"jetpack_sharing_enabled":true,"_links":{"self":[{"href":"https:\/\/bahrinnargile.com\/index.php\/wp-json\/wp\/v2\/product\/11055","targetHints":{"allow":["GET"]}}],"collection":[{"href":"https:\/\/bahrinnargile.com\/index.php\/wp-json\/wp\/v2\/product"}],"about":[{"href":"https:\/\/bahrinnargile.com\/index.php\/wp-json\/wp\/v2\/types\/product"}],"version-history":[{"count":5,"href":"https:\/\/bahrinnargile.com\/index.php\/wp-json\/wp\/v2\/product\/11055\/revisions"}],"predecessor-version":[{"id":12585,"href":"https:\/\/bahrinnargile.com\/index.php\/wp-json\/wp\/v2\/product\/11055\/revisions\/12585"}],"wp:featuredmedia":[{"embeddable":true,"href":"https:\/\/bahrinnargile.com\/index.php\/wp-json\/wp\/v2\/media\/11056"}],"wp:attachment":[{"href":"https:\/\/bahrinnargile.com\/index.php\/wp-json\/wp\/v2\/media?parent=11055"}],"wp:term":[{"taxonomy":"product_brand","embeddable":true,"href":"https:\/\/bahrinnargile.com\/index.php\/wp-json\/wp\/v2\/product_brand?post=11055"},{"taxonomy":"product_cat","embeddable":true,"href":"https:\/\/bahrinnargile.com\/index.php\/wp-json\/wp\/v2\/product_cat?post=11055"},{"taxonomy":"product_tag","embeddable":true,"href":"https:\/\/bahrinnargile.com\/index.php\/wp-json\/wp\/v2\/product_tag?post=11055"}],"curies":[{"name":"wp","href":"https:\/\/api.w.org\/{rel}","templated":true}]}}