{"id":11918,"date":"2026-02-17T13:01:20","date_gmt":"2026-02-17T13:01:20","guid":{"rendered":"https:\/\/bahrinnargile.com\/?post_type=product&#038;p=11918"},"modified":"2026-04-09T12:53:32","modified_gmt":"2026-04-09T12:53:32","slug":"lookah-next-gen-electric-shisha","status":"publish","type":"product","link":"https:\/\/bahrinnargile.com\/index.php\/urun\/lookah-next-gen-electric-shisha\/","title":{"rendered":"Lukah Next Gen Electric Shisha"},"content":{"rendered":"","protected":false},"excerpt":{"rendered":"<h4>&#8211; \u00dcr\u00fcn\u00fcm\u00fcz Orijinaldir.<\/h4>\n<p>LUKAH\u2014&#8217;i ke\u015ffedinni\u015fan\u0131n gelece\u011fi. Geli\u015fmi\u015f \u0131s\u0131tma sistemi, zararl\u0131 yanma olmadan daha p\u00fcr\u00fczs\u00fcz, daha saf bir lezzet sunar. Ak\u0131ll\u0131 s\u0131cakl\u0131k kontrol\u00fc, tad\u0131 korurken m\u00fckemmel tutarl\u0131l\u0131k sa\u011flar. \u015e\u0131k LED ayd\u0131nlatma ve s\u00fcrd\u00fcr\u00fclebilir tasar\u0131m\u0131yla LUKAH, zahmetsizce \u015f\u0131k, daha temiz, toksin i\u00e7ermeyen bir deneyim\u2014pure memnuniyeti sunuyor.<\/p>\n<h4>\u00d6zellikler<\/h4>\n<ul>\n<li>Paket: Hediye Kutusu<\/li>\n<li>Hediye Kutusu Boyutu: 495x238x222mm<\/li>\n<li>Hediye Kutusu A\u011f\u0131rl\u0131\u011f\u0131: 5.2kg<\/li>\n<li>\u00c7al\u0131\u015fma S\u00fcresi: 1,5-2 saat<\/li>\n<li>\u015earj S\u00fcresi: 3 saat<\/li>\n<li>G\u00fc\u00e7 Aral\u0131\u011f\u0131: H0 (D\u00fc\u015f\u00fck G\u00fc\u00e7) ~ H7 (Y\u00fcksek G\u00fc\u00e7)<\/li>\n<li>\u00c7\u0131kar\u0131labilir Pil 18650<\/li>\n<li>Sertifikalar: CE FCC RoHS HAVA\/DENIZ Ta\u015f\u0131ma Raporu<\/li>\n<\/ul>\n<h4>Malzemeler<\/h4>\n<ul>\n<li>Is\u0131ya Dayan\u0131kl\u0131 Plastik G\u00f6vde ve Ak\u00fc Kapa\u011f\u0131<\/li>\n<li>Seramik Is\u0131tma Odas\u0131<\/li>\n<li>Y\u00fcksek Borosilikat Cam Kase<\/li>\n<li>304 Paslanmaz \u00c7elik K\u00f6k Boru<\/li>\n<li>G\u0131da S\u0131n\u0131f\u0131 Silikon Hortum<\/li>\n<li>Eloksall\u0131 Al\u00fcminyum A\u011f\u0131zl\u0131k<\/li>\n<\/ul>\n<h4>Paket<\/h4>\n<ul>\n<li>Hediye Kutusu Paketinde Bir Set:<\/li>\n<li>\u0130\u00e7inde Pil bulunan elektronik \u0131s\u0131t\u0131c\u0131 cihaz*1<\/li>\n<li>Cam nargile kasesi x 1<\/li>\n<li>Tong x 1<\/li>\n<li>Hortum x 1<\/li>\n<li>Hortum Konekt\u00f6r\u00fc x 1<\/li>\n<li>Manuel x 1<\/li>\n<li>Adapt\u00f6r x 1<\/li>\n<li>Sap x 1<\/li>\n<li>Temizleme F\u0131r\u00e7as\u0131 x 1<\/li>\n<\/ul>\n","protected":false},"featured_media":11919,"template":"","meta":[],"product_brand":[],"product_cat":[131,204],"product_tag":[],"class_list":{"0":"post-11918","1":"product","2":"type-product","3":"status-publish","4":"has-post-thumbnail","6":"product_cat-ithal-takimlar","7":"product_cat-takim","9":"first","10":"instock","11":"purchasable","12":"product-type-simple"},"jetpack_sharing_enabled":true,"_links":{"self":[{"href":"https:\/\/bahrinnargile.com\/index.php\/wp-json\/wp\/v2\/product\/11918","targetHints":{"allow":["GET"]}}],"collection":[{"href":"https:\/\/bahrinnargile.com\/index.php\/wp-json\/wp\/v2\/product"}],"about":[{"href":"https:\/\/bahrinnargile.com\/index.php\/wp-json\/wp\/v2\/types\/product"}],"version-history":[{"count":5,"href":"https:\/\/bahrinnargile.com\/index.php\/wp-json\/wp\/v2\/product\/11918\/revisions"}],"predecessor-version":[{"id":12576,"href":"https:\/\/bahrinnargile.com\/index.php\/wp-json\/wp\/v2\/product\/11918\/revisions\/12576"}],"wp:featuredmedia":[{"embeddable":true,"href":"https:\/\/bahrinnargile.com\/index.php\/wp-json\/wp\/v2\/media\/11919"}],"wp:attachment":[{"href":"https:\/\/bahrinnargile.com\/index.php\/wp-json\/wp\/v2\/media?parent=11918"}],"wp:term":[{"taxonomy":"product_brand","embeddable":true,"href":"https:\/\/bahrinnargile.com\/index.php\/wp-json\/wp\/v2\/product_brand?post=11918"},{"taxonomy":"product_cat","embeddable":true,"href":"https:\/\/bahrinnargile.com\/index.php\/wp-json\/wp\/v2\/product_cat?post=11918"},{"taxonomy":"product_tag","embeddable":true,"href":"https:\/\/bahrinnargile.com\/index.php\/wp-json\/wp\/v2\/product_tag?post=11918"}],"curies":[{"name":"wp","href":"https:\/\/api.w.org\/{rel}","templated":true}]}}