{"id":12414,"date":"2026-03-27T07:56:13","date_gmt":"2026-03-27T07:56:13","guid":{"rendered":"https:\/\/bahrinnargile.com\/?post_type=product&#038;p=12414"},"modified":"2026-04-10T11:29:00","modified_gmt":"2026-04-10T11:29:00","slug":"darkside-intro-black-hookah","status":"publish","type":"product","link":"https:\/\/bahrinnargile.com\/index.php\/urun\/darkside-intro-black-hookah\/","title":{"rendered":"Darkside Intro &#8211; Black Hookah"},"content":{"rendered":"","protected":false},"excerpt":{"rendered":"<h4>&#8211; \u00dcr\u00fcn\u00fcm\u00fcz A Kalitedir.<\/h4>\n<h5>Darkside Intro Nargile \u2013 Kompakt, D\u00fc\u015f\u00fcnceli ve \u015e\u0131k<\/h5>\n<p>Darkside Intro, Rus t\u00fct\u00fcn \u00fcreticisinden geliyor\u00a0<strong>Karanl\u0131k taraf<\/strong>G\u00fc\u00e7l\u00fc Dark Blend t\u00fct\u00fcn\u00fcyle tan\u0131n\u0131r. Ve bu nargile tam da bunun i\u00e7in yap\u0131ld\u0131: klasik bir Rus sigara i\u00e7me deneyimi sunuyor, dif\u00fcz\u00f6r olmadan ve s\u0131k\u0131, do\u011frudan bir \u00e7eki\u015fle. Bu, yo\u011fun lezzet ve otantik, ham nargile hissi \u2013 saf ve katk\u0131s\u0131z olmas\u0131n\u0131 sa\u011flar.<\/p>\n<p>Tasar\u0131m a\u00e7\u0131s\u0131ndan Intro ger\u00e7ekten g\u00f6ze \u00e7arp\u0131yor. Sadece harika g\u00f6r\u00fcnm\u00fcyor \u2013, Darkside tasar\u0131m dilini her y\u00f6n\u00fcyle b\u00fcnyesinde bar\u0131nd\u0131r\u0131yor. \u00c7arp\u0131c\u0131 \u015fekli ve \u015f\u0131k siyah tasar\u0131m\u0131, pop\u00fcler Darkside Shot kasesini m\u00fckemmel bir \u015fekilde tamaml\u0131yor. Kase adapt\u00f6r\u00fcnden dumanl\u0131 kuvars g\u00f6r\u00fcn\u00fcml\u00fc t\u0131klama kilitli cam tabana kadar bu kurulum birinci s\u0131n\u0131f ve iyi d\u00fc\u015f\u00fcn\u00fclm\u00fc\u015f bir his verir. Elinizde, bu s\u0131n\u0131ftaki bir nargileden tam olarak istedi\u011finiz gibi y\u00fcksek kaliteli \u2013 hissi veriyor.<\/p>\n<p>T\u0131klama kilidi sistemi Rus modelleri i\u00e7in olduk\u00e7a nadirdir ancak kurulumu son derece kolayla\u015ft\u0131r\u0131r. Bilmek g\u00fczel: Nargile yaln\u0131zca birlikte verilen cam taban \u2013 ile kullan\u0131labilir, ancak bizim g\u00f6r\u00fc\u015f\u00fcm\u00fcze g\u00f6re bu bir dezavantaj de\u011fildir, \u00e7\u00fcnk\u00fc birlikte verilen taban g\u00f6rsel olarak boruyla m\u00fckemmel bir \u015fekilde e\u015fle\u015ferek uyumlu, uyumlu bir g\u00f6r\u00fcn\u00fcm yarat\u0131r.<\/p>\n<p>Bir di\u011fer g\u00fczel detay ise\u00a0<strong>manyetik hortum konekt\u00f6r\u00fc<\/strong>, bu da hortumun kullan\u0131m\u0131n\u0131 ho\u015f bir \u015fekilde kolayla\u015ft\u0131r\u0131r.<\/p>\n<p>\u0130ster evde, ister balkonda, ister hareket halindeyken \u2013 kompakt boyutu ve ak\u0131ll\u0131 kullan\u0131m\u0131 sayesinde Darkside Intro her zaman kullan\u0131ma haz\u0131rd\u0131r.<\/p>\n<h5>Dahil olanlar:<\/h5>\n<ul>\n<li>Duman s\u00fctunu<\/li>\n<li>Cam taban<\/li>\n<li>A\u011f\u0131zl\u0131k<\/li>\n<li>Taban<\/li>\n<li>A\u015fa\u011f\u0131 sap<\/li>\n<li>Silikon hortum<\/li>\n<li>K\u00f6m\u00fcr tepsisi<\/li>\n<\/ul>\n<p><strong>Y\u00fckseklik:<\/strong>\u00a0yakla\u015f\u0131k 41 cm<\/p>\n<p><strong>Sonu\u00e7:<\/strong>\u00a0Darkside Intro, yo\u011fun tada, uyumlu tasar\u0131ma ve y\u00fcksek kaliteli i\u015f\u00e7ili\u011fe de\u011fer veren herkes i\u00e7indir. B\u00fcy\u00fck bir ki\u015fili\u011fe sahip k\u00fc\u00e7\u00fck bir nargile.<\/p>\n","protected":false},"featured_media":12415,"template":"","meta":[],"product_brand":[],"product_cat":[131,204],"product_tag":[],"class_list":{"0":"post-12414","1":"product","2":"type-product","3":"status-publish","4":"has-post-thumbnail","6":"product_cat-ithal-takimlar","7":"product_cat-takim","9":"first","10":"instock","11":"purchasable","12":"product-type-simple"},"jetpack_sharing_enabled":true,"_links":{"self":[{"href":"https:\/\/bahrinnargile.com\/index.php\/wp-json\/wp\/v2\/product\/12414","targetHints":{"allow":["GET"]}}],"collection":[{"href":"https:\/\/bahrinnargile.com\/index.php\/wp-json\/wp\/v2\/product"}],"about":[{"href":"https:\/\/bahrinnargile.com\/index.php\/wp-json\/wp\/v2\/types\/product"}],"version-history":[{"count":3,"href":"https:\/\/bahrinnargile.com\/index.php\/wp-json\/wp\/v2\/product\/12414\/revisions"}],"predecessor-version":[{"id":12658,"href":"https:\/\/bahrinnargile.com\/index.php\/wp-json\/wp\/v2\/product\/12414\/revisions\/12658"}],"wp:featuredmedia":[{"embeddable":true,"href":"https:\/\/bahrinnargile.com\/index.php\/wp-json\/wp\/v2\/media\/12415"}],"wp:attachment":[{"href":"https:\/\/bahrinnargile.com\/index.php\/wp-json\/wp\/v2\/media?parent=12414"}],"wp:term":[{"taxonomy":"product_brand","embeddable":true,"href":"https:\/\/bahrinnargile.com\/index.php\/wp-json\/wp\/v2\/product_brand?post=12414"},{"taxonomy":"product_cat","embeddable":true,"href":"https:\/\/bahrinnargile.com\/index.php\/wp-json\/wp\/v2\/product_cat?post=12414"},{"taxonomy":"product_tag","embeddable":true,"href":"https:\/\/bahrinnargile.com\/index.php\/wp-json\/wp\/v2\/product_tag?post=12414"}],"curies":[{"name":"wp","href":"https:\/\/api.w.org\/{rel}","templated":true}]}}