{"id":9881,"date":"2025-11-25T15:46:30","date_gmt":"2025-11-25T15:46:30","guid":{"rendered":"https:\/\/bahrinnargile.com\/?post_type=product&#038;p=9881"},"modified":"2026-03-06T08:12:22","modified_gmt":"2026-03-06T08:12:22","slug":"blackcoco-27-mm","status":"publish","type":"product","link":"https:\/\/bahrinnargile.com\/index.php\/urun\/blackcoco-27-mm\/","title":{"rendered":"BLACKCOCO&#8217;s CUBES27 1KG Nargile k\u00f6m\u00fcr\u00fc"},"content":{"rendered":"","protected":false},"excerpt":{"rendered":"<ul>\n<li>Birinci s\u0131n\u0131f nargile k\u00f6m\u00fcr\u00fc<\/li>\n<li>\u2248 27.5 x 27.5 x 27.5 mm<\/li>\n<li>E\u015fit, uzun s\u00fcreli yanar<\/li>\n<li>Kendine has tad\u0131 yoktur<\/li>\n<li>Kesinlikle kimyasal i\u00e7ermez<\/li>\n<li>S\u0131k\u0131 kontrolden ge\u00e7mi\u015ftir<\/li>\n<\/ul>\n","protected":false},"featured_media":9882,"template":"","meta":[],"product_brand":[],"product_cat":[171,108,167],"product_tag":[],"class_list":{"0":"post-9881","1":"product","2":"type-product","3":"status-publish","4":"has-post-thumbnail","6":"product_cat-black-cocos","7":"product_cat-nargile-komurleri","8":"product_cat-nargile-komurleri-nargile-komurleri","10":"first","11":"instock","12":"purchasable","13":"product-type-simple"},"jetpack_sharing_enabled":true,"_links":{"self":[{"href":"https:\/\/bahrinnargile.com\/index.php\/wp-json\/wp\/v2\/product\/9881","targetHints":{"allow":["GET"]}}],"collection":[{"href":"https:\/\/bahrinnargile.com\/index.php\/wp-json\/wp\/v2\/product"}],"about":[{"href":"https:\/\/bahrinnargile.com\/index.php\/wp-json\/wp\/v2\/types\/product"}],"version-history":[{"count":3,"href":"https:\/\/bahrinnargile.com\/index.php\/wp-json\/wp\/v2\/product\/9881\/revisions"}],"predecessor-version":[{"id":12151,"href":"https:\/\/bahrinnargile.com\/index.php\/wp-json\/wp\/v2\/product\/9881\/revisions\/12151"}],"wp:featuredmedia":[{"embeddable":true,"href":"https:\/\/bahrinnargile.com\/index.php\/wp-json\/wp\/v2\/media\/9882"}],"wp:attachment":[{"href":"https:\/\/bahrinnargile.com\/index.php\/wp-json\/wp\/v2\/media?parent=9881"}],"wp:term":[{"taxonomy":"product_brand","embeddable":true,"href":"https:\/\/bahrinnargile.com\/index.php\/wp-json\/wp\/v2\/product_brand?post=9881"},{"taxonomy":"product_cat","embeddable":true,"href":"https:\/\/bahrinnargile.com\/index.php\/wp-json\/wp\/v2\/product_cat?post=9881"},{"taxonomy":"product_tag","embeddable":true,"href":"https:\/\/bahrinnargile.com\/index.php\/wp-json\/wp\/v2\/product_tag?post=9881"}],"curies":[{"name":"wp","href":"https:\/\/api.w.org\/{rel}","templated":true}]}}