{"id":9911,"date":"2025-11-28T11:52:56","date_gmt":"2025-11-28T11:52:56","guid":{"rendered":"https:\/\/bahrinnargile.com\/?post_type=product&#038;p=9911"},"modified":"2026-03-06T08:12:18","modified_gmt":"2026-03-06T08:12:18","slug":"blackcocos-26-mm","status":"publish","type":"product","link":"https:\/\/bahrinnargile.com\/index.php\/urun\/blackcocos-26-mm\/","title":{"rendered":"BLACKCOCO&#8217;s CUBES26 1KG Nargile k\u00f6m\u00fcr\u00fc"},"content":{"rendered":"","protected":false},"excerpt":{"rendered":"<ul>\n<li>Birinci s\u0131n\u0131f nargile k\u00f6m\u00fcr\u00fc<\/li>\n<li>26 x 26 x 26 mm<\/li>\n<li>E\u015fit, uzun s\u00fcreli yanar<\/li>\n<li>Kendine has tad\u0131 yoktur<\/li>\n<li>Kesinlikle kimyasal i\u00e7ermez<\/li>\n<li>S\u0131k\u0131 kontrolden ge\u00e7mi\u015ftir<\/li>\n<\/ul>\n","protected":false},"featured_media":9912,"template":"","meta":[],"product_brand":[],"product_cat":[171,108,167],"product_tag":[],"class_list":{"0":"post-9911","1":"product","2":"type-product","3":"status-publish","4":"has-post-thumbnail","6":"product_cat-black-cocos","7":"product_cat-nargile-komurleri","8":"product_cat-nargile-komurleri-nargile-komurleri","10":"first","11":"instock","12":"purchasable","13":"product-type-simple"},"jetpack_sharing_enabled":true,"_links":{"self":[{"href":"https:\/\/bahrinnargile.com\/index.php\/wp-json\/wp\/v2\/product\/9911","targetHints":{"allow":["GET"]}}],"collection":[{"href":"https:\/\/bahrinnargile.com\/index.php\/wp-json\/wp\/v2\/product"}],"about":[{"href":"https:\/\/bahrinnargile.com\/index.php\/wp-json\/wp\/v2\/types\/product"}],"version-history":[{"count":4,"href":"https:\/\/bahrinnargile.com\/index.php\/wp-json\/wp\/v2\/product\/9911\/revisions"}],"predecessor-version":[{"id":12153,"href":"https:\/\/bahrinnargile.com\/index.php\/wp-json\/wp\/v2\/product\/9911\/revisions\/12153"}],"wp:featuredmedia":[{"embeddable":true,"href":"https:\/\/bahrinnargile.com\/index.php\/wp-json\/wp\/v2\/media\/9912"}],"wp:attachment":[{"href":"https:\/\/bahrinnargile.com\/index.php\/wp-json\/wp\/v2\/media?parent=9911"}],"wp:term":[{"taxonomy":"product_brand","embeddable":true,"href":"https:\/\/bahrinnargile.com\/index.php\/wp-json\/wp\/v2\/product_brand?post=9911"},{"taxonomy":"product_cat","embeddable":true,"href":"https:\/\/bahrinnargile.com\/index.php\/wp-json\/wp\/v2\/product_cat?post=9911"},{"taxonomy":"product_tag","embeddable":true,"href":"https:\/\/bahrinnargile.com\/index.php\/wp-json\/wp\/v2\/product_tag?post=9911"}],"curies":[{"name":"wp","href":"https:\/\/api.w.org\/{rel}","templated":true}]}}